{"id":8198,"date":"2023-04-04T09:03:46","date_gmt":"2023-04-04T08:03:46","guid":{"rendered":"https:\/\/notomahawk.com\/?post_type=product&#038;p=8198"},"modified":"2025-11-02T19:45:40","modified_gmt":"2025-11-02T18:45:40","slug":"aquarelle-mini-coloris-marbres","status":"publish","type":"product","link":"https:\/\/notomahawk.com\/index.php\/product\/aquarelle-mini-coloris-marbres\/","title":{"rendered":"Aquarelle"},"content":{"rendered":"<p>Boucles d&rsquo;oreilles \u00ab\u00a0Aquarelle\u00a0\u00bb.<\/p>\n<p>Perles p\u00e9tales en r\u00e9sine et cr\u00e9oles en laiton dor\u00e9 \u00e0 l&rsquo;or fin.<\/p>\n<p>D\u00e9clin\u00e9es en \u00e9cru marbr\u00e9, beige caf\u00e9 latte, jaune marbr\u00e9, nude nacr\u00e9, rose blush marbr\u00e9, vieux rose marbr\u00e9, violet am\u00e9thyste marbr\u00e9, rose fuchsia mouchet\u00e9, rose corail mouchet\u00e9, corail orange marbr\u00e9, rouge orang\u00e9, ambre translucide, vert pistache marbr\u00e9, kaki marbr\u00e9, vert printanier marbr\u00e9, d\u00e9grad\u00e9 de bleu\/vert, bleu marbr\u00e9, bleu c\u00e9leste marbr\u00e9, bleu nuit marbr\u00e9, violet et multico.<\/p>\n<p>Propos\u00e9es pour oreilles perc\u00e9es ou non perc\u00e9es (cr\u00e9oles \u00ab\u00a0clips\u00a0\u00bb visualisables au coloris rose blush marbr\u00e9 par exemple).<\/p>\n<p>5cm\/3g.<\/p>\n","protected":false},"excerpt":{"rendered":"<p>Boucles d&rsquo;oreilles \u00ab\u00a0Aquarelle\u00a0\u00bb. Perles p\u00e9tales en r\u00e9sine et cr\u00e9oles en laiton dor\u00e9 \u00e0 l&rsquo;or fin. D\u00e9clin\u00e9es en \u00e9cru marbr\u00e9, beige caf\u00e9 latte, jaune marbr\u00e9, nude nacr\u00e9, rose blush marbr\u00e9, vieux rose marbr\u00e9, violet am\u00e9thyste marbr\u00e9, rose fuchsia mouchet\u00e9, rose corail mouchet\u00e9, corail orange marbr\u00e9, rouge orang\u00e9, ambre translucide, vert pistache marbr\u00e9, kaki marbr\u00e9, vert printanier [&hellip;]<\/p>\n","protected":false},"featured_media":10763,"comment_status":"open","ping_status":"closed","template":"","meta":{"om_disable_all_campaigns":false,"_monsterinsights_skip_tracking":false,"_monsterinsights_sitenote_active":false,"_monsterinsights_sitenote_note":"","_monsterinsights_sitenote_category":0,"site-sidebar-layout":"default","site-content-layout":"default","ast-site-content-layout":"default","site-content-style":"default","site-sidebar-style":"default","ast-global-header-display":"","ast-banner-title-visibility":"","ast-main-header-display":"","ast-hfb-above-header-display":"","ast-hfb-below-header-display":"","ast-hfb-mobile-header-display":"","site-post-title":"","ast-breadcrumbs-content":"","ast-featured-img":"","footer-sml-layout":"","theme-transparent-header-meta":"default","adv-header-id-meta":"","stick-header-meta":"","header-above-stick-meta":"","header-main-stick-meta":"","header-below-stick-meta":"","astra-migrate-meta-layouts":"set","ast-page-background-enabled":"default","ast-page-background-meta":{"desktop":{"background-color":"","background-image":"","background-repeat":"repeat","background-position":"center center","background-size":"auto","background-attachment":"scroll","background-type":"","background-media":"","overlay-type":"","overlay-color":"","overlay-opacity":"","overlay-gradient":""},"tablet":{"background-color":"","background-image":"","background-repeat":"repeat","background-position":"center center","background-size":"auto","background-attachment":"scroll","background-type":"","background-media":"","overlay-type":"","overlay-color":"","overlay-opacity":"","overlay-gradient":""},"mobile":{"background-color":"","background-image":"","background-repeat":"repeat","background-position":"center center","background-size":"auto","background-attachment":"scroll","background-type":"","background-media":"","overlay-type":"","overlay-color":"","overlay-opacity":"","overlay-gradient":""}},"ast-content-background-meta":{"desktop":{"background-color":"var(--ast-global-color-5)","background-image":"","background-repeat":"repeat","background-position":"center center","background-size":"auto","background-attachment":"scroll","background-type":"","background-media":"","overlay-type":"","overlay-color":"","overlay-opacity":"","overlay-gradient":""},"tablet":{"background-color":"var(--ast-global-color-5)","background-image":"","background-repeat":"repeat","background-position":"center center","background-size":"auto","background-attachment":"scroll","background-type":"","background-media":"","overlay-type":"","overlay-color":"","overlay-opacity":"","overlay-gradient":""},"mobile":{"background-color":"var(--ast-global-color-5)","background-image":"","background-repeat":"repeat","background-position":"center center","background-size":"auto","background-attachment":"scroll","background-type":"","background-media":"","overlay-type":"","overlay-color":"","overlay-opacity":"","overlay-gradient":""}}},"product_brand":[],"product_cat":[70],"product_tag":[199,102,101,146,263,204,383,169,425,178,147,384,93,151],"class_list":{"0":"post-8198","1":"product","2":"type-product","3":"status-publish","4":"has-post-thumbnail","6":"product_cat-boucles","7":"product_tag-acrylique","8":"product_tag-bijoux","9":"product_tag-bo","10":"product_tag-boucles","11":"product_tag-clips","12":"product_tag-creoles","13":"product_tag-fleurs","14":"product_tag-laiton","15":"product_tag-mini","16":"product_tag-mode","17":"product_tag-or","18":"product_tag-petales","19":"product_tag-plaque","20":"product_tag-resine","21":"pa_couleur-bleu-marbre","22":"pa_couleur-ecru-marbre","23":"pa_couleur-kaki-marbre","24":"pa_couleur-beige-cafe-latte","25":"pa_couleur-bleu-celeste-marbre","26":"pa_couleur-bleu-nuit-marbre","27":"pa_couleur-chataigne-ambree-2","28":"pa_couleur-corail-orange-marbre","29":"pa_couleur-degrade-de-bleu-vert","30":"pa_couleur-jaune-marbre","31":"pa_couleur-marron-noisette","32":"pa_couleur-multico","33":"pa_couleur-nude-nacre","34":"pa_couleur-rose-blush-marbre","35":"pa_couleur-rose-corail-mouchete","36":"pa_couleur-rose-fuchsia-mouchete","37":"pa_couleur-rouge-orange","38":"pa_couleur-vert-pistache-marbre","39":"pa_couleur-vert-printanier-marbre","40":"pa_couleur-vieux-rose-marbre","41":"pa_couleur-violet-amethyste-marbre","42":"desktop-align-center","43":"tablet-align-left","44":"mobile-align-left","46":"first","47":"instock","48":"shipping-taxable","49":"purchasable","50":"product-type-variable","51":"has-default-attributes"},"jetpack-related-posts":[],"jetpack_sharing_enabled":true,"_links":{"self":[{"href":"https:\/\/notomahawk.com\/index.php\/wp-json\/wp\/v2\/product\/8198","targetHints":{"allow":["GET"]}}],"collection":[{"href":"https:\/\/notomahawk.com\/index.php\/wp-json\/wp\/v2\/product"}],"about":[{"href":"https:\/\/notomahawk.com\/index.php\/wp-json\/wp\/v2\/types\/product"}],"replies":[{"embeddable":true,"href":"https:\/\/notomahawk.com\/index.php\/wp-json\/wp\/v2\/comments?post=8198"}],"version-history":[{"count":9,"href":"https:\/\/notomahawk.com\/index.php\/wp-json\/wp\/v2\/product\/8198\/revisions"}],"predecessor-version":[{"id":14009,"href":"https:\/\/notomahawk.com\/index.php\/wp-json\/wp\/v2\/product\/8198\/revisions\/14009"}],"wp:featuredmedia":[{"embeddable":true,"href":"https:\/\/notomahawk.com\/index.php\/wp-json\/wp\/v2\/media\/10763"}],"wp:attachment":[{"href":"https:\/\/notomahawk.com\/index.php\/wp-json\/wp\/v2\/media?parent=8198"}],"wp:term":[{"taxonomy":"product_brand","embeddable":true,"href":"https:\/\/notomahawk.com\/index.php\/wp-json\/wp\/v2\/product_brand?post=8198"},{"taxonomy":"product_cat","embeddable":true,"href":"https:\/\/notomahawk.com\/index.php\/wp-json\/wp\/v2\/product_cat?post=8198"},{"taxonomy":"product_tag","embeddable":true,"href":"https:\/\/notomahawk.com\/index.php\/wp-json\/wp\/v2\/product_tag?post=8198"}],"curies":[{"name":"wp","href":"https:\/\/api.w.org\/{rel}","templated":true}]}}