{"id":4501,"date":"2022-07-06T09:52:57","date_gmt":"2022-07-06T08:52:57","guid":{"rendered":"https:\/\/notomahawk.com\/?post_type=product&#038;p=4501"},"modified":"2023-09-11T22:02:02","modified_gmt":"2023-09-11T21:02:02","slug":"seventies-taille-mini-tons-rouges-roses-et-violets","status":"publish","type":"product","link":"https:\/\/notomahawk.com\/index.php\/product\/seventies-taille-mini-tons-rouges-roses-et-violets\/","title":{"rendered":"Seventie&rsquo;s taille mini &#8211; tons rouges, roses et violets"},"content":{"rendered":"<p>Boucles d&rsquo;oreilles \u00ab\u00a0Seventie&rsquo;s\u00a0\u00bb en taille S &#8211; 5.5cm \/ 5.5g<\/p>\n<p>13 perles en r\u00e9sine &#8211; 1 cabochon en r\u00e9sine sur support en acier inoxydable hypoallerg\u00e9nique.<\/p>\n<p>Mod\u00e8le propos\u00e9 \u00e0 clous pour oreilles perc\u00e9es ou \u00e0 clips pour oreilles non perc\u00e9es : choisir l&rsquo;option sur le menu d\u00e9roulant.<\/p>\n","protected":false},"excerpt":{"rendered":"<p>Boucles d&rsquo;oreilles \u00ab\u00a0Seventie&rsquo;s\u00a0\u00bb en taille S &#8211; 5.5cm \/ 5.5g 13 perles en r\u00e9sine &#8211; 1 cabochon en r\u00e9sine sur support en acier inoxydable hypoallerg\u00e9nique. Mod\u00e8le propos\u00e9 \u00e0 clous pour oreilles perc\u00e9es ou \u00e0 clips pour oreilles non perc\u00e9es : choisir l&rsquo;option sur le menu d\u00e9roulant.<\/p>\n","protected":false},"featured_media":3403,"comment_status":"open","ping_status":"closed","template":"","meta":{"om_disable_all_campaigns":false,"_monsterinsights_skip_tracking":false,"_monsterinsights_sitenote_active":false,"_monsterinsights_sitenote_note":"","_monsterinsights_sitenote_category":0,"site-sidebar-layout":"default","site-content-layout":"default","ast-site-content-layout":"","site-content-style":"default","site-sidebar-style":"default","ast-global-header-display":"","ast-banner-title-visibility":"","ast-main-header-display":"","ast-hfb-above-header-display":"","ast-hfb-below-header-display":"","ast-hfb-mobile-header-display":"","site-post-title":"","ast-breadcrumbs-content":"","ast-featured-img":"","footer-sml-layout":"","theme-transparent-header-meta":"default","adv-header-id-meta":"","stick-header-meta":"","header-above-stick-meta":"","header-main-stick-meta":"","header-below-stick-meta":"","astra-migrate-meta-layouts":"default","ast-page-background-enabled":"default","ast-page-background-meta":{"desktop":{"background-color":"","background-image":"","background-repeat":"repeat","background-position":"center center","background-size":"auto","background-attachment":"scroll","background-type":"","background-media":"","overlay-type":"","overlay-color":"","overlay-opacity":"","overlay-gradient":""},"tablet":{"background-color":"","background-image":"","background-repeat":"repeat","background-position":"center center","background-size":"auto","background-attachment":"scroll","background-type":"","background-media":"","overlay-type":"","overlay-color":"","overlay-opacity":"","overlay-gradient":""},"mobile":{"background-color":"","background-image":"","background-repeat":"repeat","background-position":"center center","background-size":"auto","background-attachment":"scroll","background-type":"","background-media":"","overlay-type":"","overlay-color":"","overlay-opacity":"","overlay-gradient":""}},"ast-content-background-meta":{"desktop":{"background-color":"var(--ast-global-color-5)","background-image":"","background-repeat":"repeat","background-position":"center center","background-size":"auto","background-attachment":"scroll","background-type":"","background-media":"","overlay-type":"","overlay-color":"","overlay-opacity":"","overlay-gradient":""},"tablet":{"background-color":"var(--ast-global-color-5)","background-image":"","background-repeat":"repeat","background-position":"center center","background-size":"auto","background-attachment":"scroll","background-type":"","background-media":"","overlay-type":"","overlay-color":"","overlay-opacity":"","overlay-gradient":""},"mobile":{"background-color":"var(--ast-global-color-5)","background-image":"","background-repeat":"repeat","background-position":"center center","background-size":"auto","background-attachment":"scroll","background-type":"","background-media":"","overlay-type":"","overlay-color":"","overlay-opacity":"","overlay-gradient":""}}},"product_brand":[],"product_cat":[70],"product_tag":[102,101,146,92,112,151,113],"class_list":{"0":"post-4501","1":"product","2":"type-product","3":"status-publish","4":"has-post-thumbnail","6":"product_cat-boucles","7":"product_tag-bijoux","8":"product_tag-bo","9":"product_tag-boucles","10":"product_tag-oreilles","11":"product_tag-perles","12":"product_tag-resine","13":"product_tag-vintage","14":"pa_couleur-corail-rose","15":"pa_couleur-corail-rouge","16":"pa_couleur-lilas","17":"pa_couleur-parme","18":"pa_couleur-peche","19":"pa_couleur-prune","20":"pa_couleur-rosefuchsia","21":"pa_couleur-rosenude","22":"pa_couleur-rougeclair","23":"pa_couleur-rouge-groseille","24":"pa_couleur-rouge-noel","25":"pa_couleur-sangria","26":"pa_couleur-terre-cuite","27":"pa_couleur-violet","28":"desktop-align-center","29":"tablet-align-left","30":"mobile-align-left","32":"first","33":"instock","34":"shipping-taxable","35":"purchasable","36":"product-type-variable","37":"has-default-attributes"},"jetpack-related-posts":[],"jetpack_sharing_enabled":true,"_links":{"self":[{"href":"https:\/\/notomahawk.com\/index.php\/wp-json\/wp\/v2\/product\/4501","targetHints":{"allow":["GET"]}}],"collection":[{"href":"https:\/\/notomahawk.com\/index.php\/wp-json\/wp\/v2\/product"}],"about":[{"href":"https:\/\/notomahawk.com\/index.php\/wp-json\/wp\/v2\/types\/product"}],"replies":[{"embeddable":true,"href":"https:\/\/notomahawk.com\/index.php\/wp-json\/wp\/v2\/comments?post=4501"}],"version-history":[{"count":2,"href":"https:\/\/notomahawk.com\/index.php\/wp-json\/wp\/v2\/product\/4501\/revisions"}],"predecessor-version":[{"id":4527,"href":"https:\/\/notomahawk.com\/index.php\/wp-json\/wp\/v2\/product\/4501\/revisions\/4527"}],"wp:featuredmedia":[{"embeddable":true,"href":"https:\/\/notomahawk.com\/index.php\/wp-json\/wp\/v2\/media\/3403"}],"wp:attachment":[{"href":"https:\/\/notomahawk.com\/index.php\/wp-json\/wp\/v2\/media?parent=4501"}],"wp:term":[{"taxonomy":"product_brand","embeddable":true,"href":"https:\/\/notomahawk.com\/index.php\/wp-json\/wp\/v2\/product_brand?post=4501"},{"taxonomy":"product_cat","embeddable":true,"href":"https:\/\/notomahawk.com\/index.php\/wp-json\/wp\/v2\/product_cat?post=4501"},{"taxonomy":"product_tag","embeddable":true,"href":"https:\/\/notomahawk.com\/index.php\/wp-json\/wp\/v2\/product_tag?post=4501"}],"curies":[{"name":"wp","href":"https:\/\/api.w.org\/{rel}","templated":true}]}}