{"id":14536,"date":"2026-04-26T17:37:17","date_gmt":"2026-04-26T16:37:17","guid":{"rendered":"https:\/\/notomahawk.com\/?post_type=product&#038;p=14536"},"modified":"2026-04-26T21:04:22","modified_gmt":"2026-04-26T20:04:22","slug":"iris-collier-de-pierres-naturelles","status":"publish","type":"product","link":"https:\/\/notomahawk.com\/index.php\/product\/iris-collier-de-pierres-naturelles\/","title":{"rendered":"Iris &#8211; Collier de pierres naturelles"},"content":{"rendered":"<p>Collier \u00ab\u00a0Iris\u00a0\u00bb. D\u00e9clinaison de pierres naturelles de diverses formes et appr\u00eats en acier inoxydable.<\/p>\n<p>Les combinaisons des types et formes de pierres peuvent l\u00e9g\u00e8rement varier en fonction des mod\u00e8les.<\/p>\n<p>Propos\u00e9 en 4 tailles:<\/p>\n<p>Taille S: 41 cm + 5 cm de cha\u00eenette d&rsquo;extension<\/p>\n<p>Taille M: 44 cm + 5 cm de cha\u00eenette d&rsquo;extension<\/p>\n<p>Taille L: 47 cm + 5 cm de cha\u00eenette d&rsquo;extension<\/p>\n<p>Taille XL: 50 cm + 5 cm de cha\u00eenette d&rsquo;extension.<\/p>\n","protected":false},"excerpt":{"rendered":"<p>Collier \u00ab\u00a0Iris\u00a0\u00bb. D\u00e9clinaison de pierres naturelles de diverses formes et appr\u00eats en acier inoxydable. Les combinaisons des types et formes de pierres peuvent l\u00e9g\u00e8rement varier en fonction des mod\u00e8les. Propos\u00e9 en 4 tailles: Taille S: 41 cm + 5 cm de cha\u00eenette d&rsquo;extension Taille M: 44 cm + 5 cm de cha\u00eenette d&rsquo;extension Taille L: [&hellip;]<\/p>\n","protected":false},"featured_media":14354,"comment_status":"open","ping_status":"closed","template":"","meta":{"om_disable_all_campaigns":false,"_monsterinsights_skip_tracking":false,"_monsterinsights_sitenote_active":false,"_monsterinsights_sitenote_note":"","_monsterinsights_sitenote_category":0,"site-sidebar-layout":"default","site-content-layout":"","ast-site-content-layout":"default","site-content-style":"default","site-sidebar-style":"default","ast-global-header-display":"","ast-banner-title-visibility":"","ast-main-header-display":"","ast-hfb-above-header-display":"","ast-hfb-below-header-display":"","ast-hfb-mobile-header-display":"","site-post-title":"","ast-breadcrumbs-content":"","ast-featured-img":"","footer-sml-layout":"","theme-transparent-header-meta":"default","adv-header-id-meta":"","stick-header-meta":"","header-above-stick-meta":"","header-main-stick-meta":"","header-below-stick-meta":"","astra-migrate-meta-layouts":"set","ast-page-background-enabled":"default","ast-page-background-meta":{"desktop":{"background-color":"","background-image":"","background-repeat":"repeat","background-position":"center center","background-size":"auto","background-attachment":"scroll","background-type":"","background-media":"","overlay-type":"","overlay-color":"","overlay-opacity":"","overlay-gradient":""},"tablet":{"background-color":"","background-image":"","background-repeat":"repeat","background-position":"center center","background-size":"auto","background-attachment":"scroll","background-type":"","background-media":"","overlay-type":"","overlay-color":"","overlay-opacity":"","overlay-gradient":""},"mobile":{"background-color":"","background-image":"","background-repeat":"repeat","background-position":"center center","background-size":"auto","background-attachment":"scroll","background-type":"","background-media":"","overlay-type":"","overlay-color":"","overlay-opacity":"","overlay-gradient":""}},"ast-content-background-meta":{"desktop":{"background-color":"var(--ast-global-color-5)","background-image":"","background-repeat":"repeat","background-position":"center center","background-size":"auto","background-attachment":"scroll","background-type":"","background-media":"","overlay-type":"","overlay-color":"","overlay-opacity":"","overlay-gradient":""},"tablet":{"background-color":"var(--ast-global-color-5)","background-image":"","background-repeat":"repeat","background-position":"center center","background-size":"auto","background-attachment":"scroll","background-type":"","background-media":"","overlay-type":"","overlay-color":"","overlay-opacity":"","overlay-gradient":""},"mobile":{"background-color":"var(--ast-global-color-5)","background-image":"","background-repeat":"repeat","background-position":"center center","background-size":"auto","background-attachment":"scroll","background-type":"","background-media":"","overlay-type":"","overlay-color":"","overlay-opacity":"","overlay-gradient":""}}},"product_brand":[],"product_cat":[76],"product_tag":[102,149,788,465,178,260,112,150,401],"class_list":{"0":"post-14536","1":"product","2":"type-product","3":"status-publish","4":"has-post-thumbnail","6":"product_cat-colliers","7":"product_tag-bijoux","8":"product_tag-collier","9":"product_tag-couleurs","10":"product_tag-ete","11":"product_tag-mode","12":"product_tag-naturelles","13":"product_tag-perles","14":"product_tag-pierres","15":"product_tag-tendance","16":"desktop-align-center","17":"tablet-align-left","18":"mobile-align-left","20":"first","21":"instock","22":"shipping-taxable","23":"purchasable","24":"product-type-variable"},"jetpack-related-posts":[],"jetpack_sharing_enabled":true,"_links":{"self":[{"href":"https:\/\/notomahawk.com\/index.php\/wp-json\/wp\/v2\/product\/14536","targetHints":{"allow":["GET"]}}],"collection":[{"href":"https:\/\/notomahawk.com\/index.php\/wp-json\/wp\/v2\/product"}],"about":[{"href":"https:\/\/notomahawk.com\/index.php\/wp-json\/wp\/v2\/types\/product"}],"replies":[{"embeddable":true,"href":"https:\/\/notomahawk.com\/index.php\/wp-json\/wp\/v2\/comments?post=14536"}],"version-history":[{"count":3,"href":"https:\/\/notomahawk.com\/index.php\/wp-json\/wp\/v2\/product\/14536\/revisions"}],"predecessor-version":[{"id":14545,"href":"https:\/\/notomahawk.com\/index.php\/wp-json\/wp\/v2\/product\/14536\/revisions\/14545"}],"wp:featuredmedia":[{"embeddable":true,"href":"https:\/\/notomahawk.com\/index.php\/wp-json\/wp\/v2\/media\/14354"}],"wp:attachment":[{"href":"https:\/\/notomahawk.com\/index.php\/wp-json\/wp\/v2\/media?parent=14536"}],"wp:term":[{"taxonomy":"product_brand","embeddable":true,"href":"https:\/\/notomahawk.com\/index.php\/wp-json\/wp\/v2\/product_brand?post=14536"},{"taxonomy":"product_cat","embeddable":true,"href":"https:\/\/notomahawk.com\/index.php\/wp-json\/wp\/v2\/product_cat?post=14536"},{"taxonomy":"product_tag","embeddable":true,"href":"https:\/\/notomahawk.com\/index.php\/wp-json\/wp\/v2\/product_tag?post=14536"}],"curies":[{"name":"wp","href":"https:\/\/api.w.org\/{rel}","templated":true}]}}