{"id":14464,"date":"2026-04-26T15:03:34","date_gmt":"2026-04-26T14:03:34","guid":{"rendered":"https:\/\/notomahawk.com\/?post_type=product&#038;p=14464"},"modified":"2026-04-26T15:12:01","modified_gmt":"2026-04-26T14:12:01","slug":"cora-etoile-de-mer-travaillee-6-coloris","status":"publish","type":"product","link":"https:\/\/notomahawk.com\/index.php\/product\/cora-etoile-de-mer-travaillee-6-coloris\/","title":{"rendered":"Cora &#8211; \u00e9toile de mer travaill\u00e9e &#8211; 6 coloris"},"content":{"rendered":"<p>Collier \u00ab\u00a0Cora\u00a0\u00bb.<\/p>\n<p>Perles rondes en r\u00e9sine, pendentif \u00e9toile de mer travaill\u00e9e et appr\u00eats en acier inoxydable.<\/p>\n<p>Propos\u00e9 en 6 coloris: ambre marbr\u00e9, ambre marbr\u00e9 mini, bleu marbr\u00e9, cognac, rose marbr\u00e9, et vert marbr\u00e9.<\/p>\n<p>Taille S\/M: 43 cm + 5 cm de cha\u00eenette d&rsquo;extension.<\/p>\n<p>Taille M\/L: 46 cm + 5 cm de cha\u00eenette d&rsquo;extension.<\/p>\n","protected":false},"excerpt":{"rendered":"<p>Collier \u00ab\u00a0Cora\u00a0\u00bb. Perles rondes en r\u00e9sine, pendentif \u00e9toile de mer travaill\u00e9e et appr\u00eats en acier inoxydable. Propos\u00e9 en 6 coloris: ambre marbr\u00e9, ambre marbr\u00e9 mini, bleu marbr\u00e9, cognac, rose marbr\u00e9, et vert marbr\u00e9. Taille S\/M: 43 cm + 5 cm de cha\u00eenette d&rsquo;extension. Taille M\/L: 46 cm + 5 cm de cha\u00eenette d&rsquo;extension.<\/p>\n","protected":false},"featured_media":14385,"comment_status":"open","ping_status":"closed","template":"","meta":{"om_disable_all_campaigns":false,"_monsterinsights_skip_tracking":false,"_monsterinsights_sitenote_active":false,"_monsterinsights_sitenote_note":"","_monsterinsights_sitenote_category":0,"site-sidebar-layout":"default","site-content-layout":"","ast-site-content-layout":"default","site-content-style":"default","site-sidebar-style":"default","ast-global-header-display":"","ast-banner-title-visibility":"","ast-main-header-display":"","ast-hfb-above-header-display":"","ast-hfb-below-header-display":"","ast-hfb-mobile-header-display":"","site-post-title":"","ast-breadcrumbs-content":"","ast-featured-img":"","footer-sml-layout":"","theme-transparent-header-meta":"default","adv-header-id-meta":"","stick-header-meta":"","header-above-stick-meta":"","header-main-stick-meta":"","header-below-stick-meta":"","astra-migrate-meta-layouts":"set","ast-page-background-enabled":"default","ast-page-background-meta":{"desktop":{"background-color":"","background-image":"","background-repeat":"repeat","background-position":"center center","background-size":"auto","background-attachment":"scroll","background-type":"","background-media":"","overlay-type":"","overlay-color":"","overlay-opacity":"","overlay-gradient":""},"tablet":{"background-color":"","background-image":"","background-repeat":"repeat","background-position":"center center","background-size":"auto","background-attachment":"scroll","background-type":"","background-media":"","overlay-type":"","overlay-color":"","overlay-opacity":"","overlay-gradient":""},"mobile":{"background-color":"","background-image":"","background-repeat":"repeat","background-position":"center center","background-size":"auto","background-attachment":"scroll","background-type":"","background-media":"","overlay-type":"","overlay-color":"","overlay-opacity":"","overlay-gradient":""}},"ast-content-background-meta":{"desktop":{"background-color":"var(--ast-global-color-5)","background-image":"","background-repeat":"repeat","background-position":"center center","background-size":"auto","background-attachment":"scroll","background-type":"","background-media":"","overlay-type":"","overlay-color":"","overlay-opacity":"","overlay-gradient":""},"tablet":{"background-color":"var(--ast-global-color-5)","background-image":"","background-repeat":"repeat","background-position":"center center","background-size":"auto","background-attachment":"scroll","background-type":"","background-media":"","overlay-type":"","overlay-color":"","overlay-opacity":"","overlay-gradient":""},"mobile":{"background-color":"var(--ast-global-color-5)","background-image":"","background-repeat":"repeat","background-position":"center center","background-size":"auto","background-attachment":"scroll","background-type":"","background-media":"","overlay-type":"","overlay-color":"","overlay-opacity":"","overlay-gradient":""}}},"product_brand":[],"product_cat":[76],"product_tag":[216,102,149,774,266,773,178,112,151,401],"class_list":{"0":"post-14464","1":"product","2":"type-product","3":"status-publish","4":"has-post-thumbnail","6":"product_cat-colliers","7":"product_tag-acier","8":"product_tag-bijoux","9":"product_tag-collier","10":"product_tag-etoile","11":"product_tag-inoxydable","12":"product_tag-mer","13":"product_tag-mode","14":"product_tag-perles","15":"product_tag-resine","16":"product_tag-tendance","17":"pa_couleur-ambre-marbre","18":"pa_couleur-ambre-marbre-mini","19":"pa_couleur-bleu-marbre","20":"pa_couleur-cognac","21":"pa_couleur-rose-marbre","22":"pa_couleur-vert-marbre","23":"desktop-align-center","24":"tablet-align-left","25":"mobile-align-left","27":"first","28":"instock","29":"shipping-taxable","30":"purchasable","31":"product-type-variable"},"jetpack-related-posts":[],"jetpack_sharing_enabled":true,"_links":{"self":[{"href":"https:\/\/notomahawk.com\/index.php\/wp-json\/wp\/v2\/product\/14464","targetHints":{"allow":["GET"]}}],"collection":[{"href":"https:\/\/notomahawk.com\/index.php\/wp-json\/wp\/v2\/product"}],"about":[{"href":"https:\/\/notomahawk.com\/index.php\/wp-json\/wp\/v2\/types\/product"}],"replies":[{"embeddable":true,"href":"https:\/\/notomahawk.com\/index.php\/wp-json\/wp\/v2\/comments?post=14464"}],"version-history":[{"count":1,"href":"https:\/\/notomahawk.com\/index.php\/wp-json\/wp\/v2\/product\/14464\/revisions"}],"predecessor-version":[{"id":14477,"href":"https:\/\/notomahawk.com\/index.php\/wp-json\/wp\/v2\/product\/14464\/revisions\/14477"}],"wp:featuredmedia":[{"embeddable":true,"href":"https:\/\/notomahawk.com\/index.php\/wp-json\/wp\/v2\/media\/14385"}],"wp:attachment":[{"href":"https:\/\/notomahawk.com\/index.php\/wp-json\/wp\/v2\/media?parent=14464"}],"wp:term":[{"taxonomy":"product_brand","embeddable":true,"href":"https:\/\/notomahawk.com\/index.php\/wp-json\/wp\/v2\/product_brand?post=14464"},{"taxonomy":"product_cat","embeddable":true,"href":"https:\/\/notomahawk.com\/index.php\/wp-json\/wp\/v2\/product_cat?post=14464"},{"taxonomy":"product_tag","embeddable":true,"href":"https:\/\/notomahawk.com\/index.php\/wp-json\/wp\/v2\/product_tag?post=14464"}],"curies":[{"name":"wp","href":"https:\/\/api.w.org\/{rel}","templated":true}]}}