{"id":11883,"date":"2024-06-13T18:50:35","date_gmt":"2024-06-13T17:50:35","guid":{"rendered":"https:\/\/notomahawk.com\/?post_type=product&#038;p=11883"},"modified":"2024-06-13T19:06:19","modified_gmt":"2024-06-13T18:06:19","slug":"amicie-collier","status":"publish","type":"product","link":"https:\/\/notomahawk.com\/index.php\/product\/amicie-collier\/","title":{"rendered":"Amicie &#8211; collier"},"content":{"rendered":"<p>Collier \u00ab\u00a0Amicie\u00a0\u00bb, pour porter les initiales de ceux que vous aimez \u00e0 votre cou.<\/p>\n<p>Cha\u00eene, cha\u00eenette d&rsquo;extension et pendentifs lettres en acier inoxydable.<\/p>\n<p>Longueur de 45 cm + 5 cm de cha\u00eenette d&rsquo;extension.<\/p>\n<p>Cha\u00eene + 1 lettre = 20 euros<\/p>\n<p>Cha\u00eene + 2 lettres = 23 euros<\/p>\n<p>Cha\u00eene + 3 lettres = 26 euros<\/p>\n<p>Merci d&rsquo;indiquer vos lettres en commentaire de commande.<\/p>\n","protected":false},"excerpt":{"rendered":"<p>Collier \u00ab\u00a0Amicie\u00a0\u00bb, pour porter les initiales de ceux que vous aimez \u00e0 votre cou. Cha\u00eene, cha\u00eenette d&rsquo;extension et pendentifs lettres en acier inoxydable. Longueur de 45 cm + 5 cm de cha\u00eenette d&rsquo;extension. Cha\u00eene + 1 lettre = 20 euros Cha\u00eene + 2 lettres = 23 euros Cha\u00eene + 3 lettres = 26 euros Merci [&hellip;]<\/p>\n","protected":false},"featured_media":11800,"comment_status":"open","ping_status":"closed","template":"","meta":{"om_disable_all_campaigns":false,"_monsterinsights_skip_tracking":false,"_monsterinsights_sitenote_active":false,"_monsterinsights_sitenote_note":"","_monsterinsights_sitenote_category":0,"site-sidebar-layout":"default","site-content-layout":"default","ast-site-content-layout":"default","site-content-style":"default","site-sidebar-style":"default","ast-global-header-display":"","ast-banner-title-visibility":"","ast-main-header-display":"","ast-hfb-above-header-display":"","ast-hfb-below-header-display":"","ast-hfb-mobile-header-display":"","site-post-title":"","ast-breadcrumbs-content":"","ast-featured-img":"","footer-sml-layout":"","theme-transparent-header-meta":"default","adv-header-id-meta":"","stick-header-meta":"","header-above-stick-meta":"","header-main-stick-meta":"","header-below-stick-meta":"","astra-migrate-meta-layouts":"set","ast-page-background-enabled":"default","ast-page-background-meta":{"desktop":{"background-color":"","background-image":"","background-repeat":"repeat","background-position":"center center","background-size":"auto","background-attachment":"scroll","background-type":"","background-media":"","overlay-type":"","overlay-color":"","overlay-opacity":"","overlay-gradient":""},"tablet":{"background-color":"","background-image":"","background-repeat":"repeat","background-position":"center center","background-size":"auto","background-attachment":"scroll","background-type":"","background-media":"","overlay-type":"","overlay-color":"","overlay-opacity":"","overlay-gradient":""},"mobile":{"background-color":"","background-image":"","background-repeat":"repeat","background-position":"center center","background-size":"auto","background-attachment":"scroll","background-type":"","background-media":"","overlay-type":"","overlay-color":"","overlay-opacity":"","overlay-gradient":""}},"ast-content-background-meta":{"desktop":{"background-color":"var(--ast-global-color-5)","background-image":"","background-repeat":"repeat","background-position":"center center","background-size":"auto","background-attachment":"scroll","background-type":"","background-media":"","overlay-type":"","overlay-color":"","overlay-opacity":"","overlay-gradient":""},"tablet":{"background-color":"var(--ast-global-color-5)","background-image":"","background-repeat":"repeat","background-position":"center center","background-size":"auto","background-attachment":"scroll","background-type":"","background-media":"","overlay-type":"","overlay-color":"","overlay-opacity":"","overlay-gradient":""},"mobile":{"background-color":"var(--ast-global-color-5)","background-image":"","background-repeat":"repeat","background-position":"center center","background-size":"auto","background-attachment":"scroll","background-type":"","background-media":"","overlay-type":"","overlay-color":"","overlay-opacity":"","overlay-gradient":""}}},"product_brand":[],"product_cat":[76],"product_tag":[216,102,149,342,210,529,609,266,608,178],"class_list":{"0":"post-11883","1":"product","2":"type-product","3":"status-publish","4":"has-post-thumbnail","6":"product_cat-colliers","7":"product_tag-acier","8":"product_tag-bijoux","9":"product_tag-collier","10":"product_tag-dore","11":"product_tag-elegance","12":"product_tag-finesse","13":"product_tag-initiales","14":"product_tag-inoxydable","15":"product_tag-lettres","16":"product_tag-mode","17":"desktop-align-center","18":"tablet-align-left","19":"mobile-align-left","21":"first","22":"instock","23":"shipping-taxable","24":"purchasable","25":"product-type-variable"},"jetpack-related-posts":[],"jetpack_sharing_enabled":true,"_links":{"self":[{"href":"https:\/\/notomahawk.com\/index.php\/wp-json\/wp\/v2\/product\/11883","targetHints":{"allow":["GET"]}}],"collection":[{"href":"https:\/\/notomahawk.com\/index.php\/wp-json\/wp\/v2\/product"}],"about":[{"href":"https:\/\/notomahawk.com\/index.php\/wp-json\/wp\/v2\/types\/product"}],"replies":[{"embeddable":true,"href":"https:\/\/notomahawk.com\/index.php\/wp-json\/wp\/v2\/comments?post=11883"}],"version-history":[{"count":1,"href":"https:\/\/notomahawk.com\/index.php\/wp-json\/wp\/v2\/product\/11883\/revisions"}],"predecessor-version":[{"id":11885,"href":"https:\/\/notomahawk.com\/index.php\/wp-json\/wp\/v2\/product\/11883\/revisions\/11885"}],"wp:featuredmedia":[{"embeddable":true,"href":"https:\/\/notomahawk.com\/index.php\/wp-json\/wp\/v2\/media\/11800"}],"wp:attachment":[{"href":"https:\/\/notomahawk.com\/index.php\/wp-json\/wp\/v2\/media?parent=11883"}],"wp:term":[{"taxonomy":"product_brand","embeddable":true,"href":"https:\/\/notomahawk.com\/index.php\/wp-json\/wp\/v2\/product_brand?post=11883"},{"taxonomy":"product_cat","embeddable":true,"href":"https:\/\/notomahawk.com\/index.php\/wp-json\/wp\/v2\/product_cat?post=11883"},{"taxonomy":"product_tag","embeddable":true,"href":"https:\/\/notomahawk.com\/index.php\/wp-json\/wp\/v2\/product_tag?post=11883"}],"curies":[{"name":"wp","href":"https:\/\/api.w.org\/{rel}","templated":true}]}}